of 21 and r?
3
Suppose 105 = 5*q + 5*t, -q = -4*t - 0 - 1. Suppose 112 = 5*z - 568. What is the highest common factor of z and q?
17
Suppose 4*q + q - 45 = -5*m, 0 = 4*q + 2*m - 44. What is the highest common divisor of 104 and q?
13
Let u(p) = -p**2 + 7*p + 1. Let v be u(4). Suppose 4*o = v + 39. Suppose g - 13 - 13 = 0. What is the highest common divisor of o and g?
13
Let c = 2 - -1. Suppose 2*i + 4*w = -2, 2*w = -c*i - 2*i + 11. Let k(p) = p**3 - p**2 - p - 2. Let r be k(i). Calculate the highest common factor of 26 and r.
13
Suppose 3*u - 26 = 4*u. Let k(i) = 50*i - 2. Let a be k(1). Let s = a + u. Calculate the highest common divisor of 154 and s.
22
Suppose 3*d - 11 = -a, -a + 3 = 4*d - 11. Suppose 5*j + 40 = 4*f - 3*f, 0 = -4*f + d*j + 75. Calculate the highest common factor of f and 30.
15
Let i = 2 - 4. Let w = 22 + i. Calculate the highest common factor of w and 220.
20
Let z be 5*((-18)/(-3))/2. Let j = 24 - z. Calculate the highest common factor of j and 81.
9
Let t(m) = 2*m**2 + m + 6. Let b be t(0). Calculate the greatest common factor of b and 6.
6
Let w be (40/30)/((-2)/(-6)). Suppose -t + 108 = -w*v, 5*t - 3*v - 396 = 110. What is the highest common factor of 20 and t?
20
Let r(y) = 3*y**2 - 9*y + 6*y - y**2. Let m be r(4). What is the highest common factor of m and 50?
10
Let l(w) be the second derivative of w**3/6 + 7*w**2/2 + w. Let y be l(5). What is the highest common factor of 60 and y?
12
Suppose 3*k - 141 = 54. Suppose r - k = -4*r. What is the highest common divisor of 26 and r?
13
Let i(x) = -x**2 + 4*x + 1. Let q be i(7). Let u = q + 26. Calculate the highest common divisor of u and 54.
6
Suppose 2*q + 5*g = 70, 6*g = -5*q + g + 145. Suppose -4*y - o + 41 = 0, -3*y = o + o - 32. Calculate the greatest common divisor of y and q.
5
Let z(g) = 8*g + 3. Let l be z(3). Calculate the greatest common factor of 27 and l.
27
Let v(g) = 3*g**3 + 2*g**2 + g + 1. Let f be v(-2). Let b = -14 - f. What is the highest common factor of b and 9?
3
Let g(y) = -1 + 7*y - 13*y + 0. Let b be g(-1). Let i be 25/b + (-1)/(-1). Calculate the highest common divisor of 2 and i.
2
Let b(a) = -a**3 - 9*a**2 - a - 5. Let v be b(-9). Suppose v*f = -0*f. Suppose f*q = -3*q + 15. Calculate the highest common divisor of 2 and q.
1
Let c(t) = t**3 - 6*t**2 + 6*t. Let q be c(5). Suppose -q*b - 1 + 46 = 0. What is the highest common divisor of b and 81?
9
Suppose -240*n = -237*n - 24. Let h(p) = 2*p**2 + 3*p - 2. Let v be h(6). Calculate the highest common divisor of v and n.
8
Let l be 500/6 - 14/(-21). Let y be (0 - -2)/((-6)/(-63)). What is the greatest common factor of y and l?
21
Let i(k) = -k**3 - k**2 + 6*k + 3. Let h be i(-4). Let u = -11 + 20. Let p = u - -9. What is the highest common factor of p and h?
9
Suppose 3*y - 2*y = 2*o - 545, -4*o + 4*y = -1100. Suppose v - o = -2*v. Suppose -6*b - v = -8*b. What is the greatest common divisor of b and 9?
9
Let g = 157 + -77. Calculate the greatest common factor of g and 32.
16
Let j(r) = r + 1. Let c be j(-7). Let n be (-18)/((9/c)/1). Calculate the highest common factor of 8 and n.
4
Suppose -2 = 2*i, -s - 1 = 2*i - 0. Suppose 3 = -5*v + 43. What is the greatest common factor of v and s?
1
Let h(g) = g**2 - 7*g - 1. Let l be h(-6). Let y = -34 + -18. Let r = l + y. Calculate the greatest common factor of 5 and r.
5
Let k(n) = n**2 - 6*n - 4. Let b(f) = 8*f - 1. Let x be b(1). Let s be k(x). What is the highest common divisor of s and 3?
3
Let z be (-2)/(-7) - (-9396)/42. Let u be z/20*15/2. What is the highest common divisor of u and 12?
12
Let w be ((-27)/(-12))/(3/(-8)). Let b(c) = -c**3 - 6*c**2 - 8*c + 6. Let q be b(w). What is the greatest common factor of 9 and q?
9
Suppose 7 = 4*n - 9, n = 3*z - 854. Calculate the greatest common factor of z and 26.
26
Let p(i) = -i**3 + 12*i**2 - 11*i. Let b be p(11). Suppose 0 = 2*c - b*z + 3*z - 18, -5*c - 4*z = -59. Calculate the highest common divisor of 45 and c.
15
Let f(m) be the second derivative of m**5/20 - 7*m**4/12 + 4*m**3/3 - 7*m**2/2 + 2*m. Let g be f(6). What is the greatest common factor of 35 and g?
5
Suppose 444 = 3*f - 51. What is the greatest common factor of f and 15?
15
Let a be (48 - 2) + 2*(-2)/4. Calculate the greatest common divisor of a and 5.
5
Suppose -r - r + 64 = 2*m, -4*r = -2*m + 94. What is the highest common factor of m and 74?
37
Let d(s) = 23*s**2 - 2*s - 3. Let u be d(-1). What is the greatest common factor of u and 55?
11
Suppose 6 = 2*y - 8. Let k(c) = -c**3 + 8*c**2 - 9. Let d be k(y). Calculate the greatest common divisor of 16 and d.
8
Let p(l) be the second derivative of 7*l**3/6 + 7*l**2 - l. Let g be p(6). What is the greatest common factor of 84 and g?
28
Let g = 19 - -11. Let k(m) = -m**3 - m**2 + 3*m - 3. Let l(t) = t**2 + 6*t + 2. Let b be l(-5). Let s be k(b). Calculate the greatest common factor of s and g.
6
Let a = 17 + 11. Let b be ((-10)/(-20))/(1/4). Suppose -3*m + 27 = 3*k, 5*k - 9 = b*m + 8. Calculate the highest common factor of a and m.
4
Let r = -2 + 22. Suppose 5*p + 710 = 5*u, 5*p - 80 + 510 = 3*u. What is the greatest common factor of u and r?
20
Let t = 154 + -21. What is the highest common factor of 19 and t?
19
Let q(r) be the third derivative of -r**4/12 + 8*r**3/3 + r**2. Let x be q(0). What is the highest common factor of 24 and x?
8
Suppose 0 = 2*u + 5*x - 26, 0 = 5*u - 3*x - 1 - 2. Suppose 0*n + n + u*a - 19 = 0, -n - 4*a = -22. What is the highest common factor of n and 4?
2
Suppose 20 = 3*w + 5. Let f be (-1)/(-2)*(1 + w). Suppose -2*d - 34 = -f*j - 4*d, j - 5*d = 0. Calculate the greatest common factor of j and 15.
5
Let c(j) = -j**3 - 15*j**2 - 3*j - 1. Let d be c(-15). What is the greatest common factor of d and 110?
22
Let c be (-12)/(-4) - 2/2. Let u = -313 + 315. What is the greatest common divisor of c and u?
2
Suppose 0 = -39*p + 36*p + 54. Calculate the highest common factor of p and 72.
18
Let s be (5 - 0) + 0/9. Let c be -2 + 2 + (0 - -1). Calculate the greatest common divisor of s and c.
1
Let s(p) = p**3 - 2*p**2 - p. Let f be s(3). Let x(i) = -68*i - 2. Let q be x(-1). What is the greatest common factor of q and f?
6
Let j(v) = -v**2 - 6. Let n be j(-3). Let p = n + 25. What is the highest common factor of 10 and p?
10
Suppose 0 = -2*i - 21 + 57. Let o(a) = a**3 + 4*a**2 - 5*a - 1. Let d be o(-5). Let r be 13 - (d - (-2 + 0)). Calculate the highest common factor of i and r.
6
Let h(o) = o**2 + 6. Let n be h(0). Let w = 4 + n. Calculate the highest common divisor of 25 and w.
5
Suppose 5*q + 2*v = 5, -4*q + v + 3*v = -4. Let d be (26 - 17)*q/1. Calculate the highest common divisor of 72 and d.
9
Let x be 1*5*25/5. Let p = 1 + 9. Calculate the highest common factor of p and x.
5
Suppose 2*z - 5 = 1. Suppose o - s = 14, s = -4*o + z*s + 58. Let l = 321 + -306. What is the greatest common divisor of o and l?
15
Suppose -2*c = 2*u - 28, -31 = -4*c - u + 10. Let p be (-1329)/(-21) - 2/7. Calculate the greatest common divisor of p and c.
9
Let m = 10 + -5. Suppose -m*f + 24 + 26 = 0. What is the greatest common divisor of f and 110?
10
Suppose -34 = -3*t + 23. Calculate the highest common divisor of t and 38.
19
Let i(d) = 4*d**2 + 1. Let a be i(-1). Let l be (-402)/(-10) - (-2)/(-10). What is the highest common factor of a and l?
5
Let l = -9 + 32. What is the greatest common divisor of l and 368?
23
Let x = -38 + 46. What is the highest common factor of 6 and x?
2
Let c = -2 + 9. Let l = c - 5. Calculate the greatest common factor of l and 5.
1
Let b be 1 + (25 - 6/3). Suppose -b = -4*k - 0*k. Calculate the greatest common divisor of 66 and k.
6
Let z = -64 + 69. What is the greatest common factor of z and 95?
5
Let m = -258 + 363. Calculate the highest common factor of m and 15.
15
Let u(r) = r + 2. Let m(h) = h**2 - 9*h. Let o be m(9). Suppose -5*t + 2 - 7 = o. Let z be u(t). Calculate the greatest common divisor of 1 and z.
1
Suppose 0 = 2*l - 5*l. Suppose 2*s + 31 - 85 = l. Let m be 5 + 5 + -1 + 0. What is the highest common factor of m and s?
9
Let o(r) = r**3 - 6*r + 10. Let x be o(4). Calculate the highest common divisor of x and 20.
10
Suppose 2*f = 2*s - s - 24, s - 3*f - 27 = 0. What is the highest common factor of s and 72?
18
Let m(f) = f**2 + f + 50. Le